- 43*q + 192. What is d(15)?
-3
Let b(h) = h**3 + 13*h**2 - 17*h - 22. Give b(-13).
199
Let s(v) = -2*v**2 - 24*v + 144. What is s(9)?
-234
Let n(p) = -5*p**3 + 22*p**2 + 8*p - 12. What is n(5)?
-47
Let c(w) = -5*w**2 + 101*w - 515. Give c(11).
-9
Let o(n) = -n**3 + 43*n**2 - 84*n + 2. Determine o(41).
-80
Let l(j) = 2180*j - 10906. Calculate l(5).
-6
Let m(f) = 5*f**3 - 206*f + 414. Determine m(2).
42
Let s(x) = -x**3 + 74*x**2 + 1544*x + 279. What is s(91)?
6
Let r(p) = 1092*p + 5460. Calculate r(-5).
0
Let u(y) = -1394*y - 55762. Give u(-40).
-2
Let p(k) = -k**3 + 40*k**2 + 81*k + 155. What is p(42)?
29
Let u(r) = -r**3 + r**2 + 6*r - 4. Calculate u(6).
-148
Let b(u) = -u**3 - 34*u**2 + 4*u - 5. Determine b(0).
-5
Let x(l) = -l**3 + 19*l**2 + 39*l - 6. Determine x(21).
-69
Let r(t) = -2*t**3 - 4*t**2 + 12*t - 6. Calculate r(3).
-60
Let z(r) = -3*r**2 - 85*r - 381. Give z(-23).
-13
Let h(u) = -u**2 - 159*u - 1363. Determine h(-9).
-13
Let g(i) = -6*i**2 - 76*i + 2085. What is g(-26)?
5
Let d(c) = -2*c**2 + 78*c - 103. Give d(39).
-103
Let z(g) = -15*g**2 + 10*g + 602. Calculate z(-6).
2
Let k(r) = 44*r + 11. Give k(0).
11
Let t(c) = -c + 20. What is t(-18)?
38
Let a(c) = c**3 + 92*c**2 - 195*c - 662. Determine a(-94).
-4
Let x(m) = -m**2 - 3579*m - 3. What is x(0)?
-3
Let v(c) = 41*c - 704. Give v(18).
34
Let t(o) = -o**2 - 13*o + 171. What is t(-26)?
-167
Let j(r) = 4*r**3 + 14*r**2 - 196*r - 599. Calculate j(-3).
7
Let c(v) = -147*v + 551. What is c(6)?
-331
Let t(v) = v**3 - 45*v**2 + 4*v - 160. What is t(45)?
20
Let x(j) = 49*j**3 + 4*j**2 + 28*j + 22. What is x(-1)?
-51
Let p(j) = 2*j**2 - 150*j + 1096. Give p(67).
24
Let a(m) = 3*m**2 + 69*m - 638. What is a(7)?
-8
Let v(p) = -p**3 - 13*p**2 - 32*p - 945. Calculate v(-15).
-15
Let q(k) = -1290*k**2 - 12905*k - 54. Determine q(-10).
-4
Let p(k) = k**3 - 15*k**2 + 46*k - 46. Give p(11).
-24
Let m(h) = -10*h**2 + 18*h - 13. What is m(1)?
-5
Let y(n) = -27*n - 17. Calculate y(-6).
145
Let q(j) = j**3 + 57*j**2 - j - 59. What is q(-57)?
-2
Let g(o) = -o**3 + 16*o**2 + 16*o - 450. Calculate g(15).
15
Let s(z) = 6*z**3 + 8*z**2 + 9*z + 13. Determine s(-2).
-21
Let a(m) = 61*m - 607. Determine a(13).
186
Let j(c) = 2*c**3 - 23*c**2 - 25*c - 22. Give j(11).
-418
Let z(c) = -c**3 + 15*c**2 - 2*c - 10. Give z(0).
-10
Let q(z) = 42*z - 301. Determine q(7).
-7
Let r(t) = 3*t**3 - t**2 - 11*t + 17. What is r(4)?
149
Let o(s) = -3*s**3 + 36*s**2 - 92*s - 17. Calculate o(8).
15
Let r(o) = -36*o - 338. Give r(-8).
-50
Let a(w) = -25*w**2 + 51*w - 13. Give a(7).
-881
Let z(o) = o**3 + 11*o**2 + 30*o + 15. Give z(-6).
15
Let y(q) = -q**2 - 6*q + 897. Determine y(-33).
6
Let f(a) = 53*a + 128. Determine f(-4).
-84
Let o(x) = -5940*x - 148490. Calculate o(-25).
10
Let y(x) = x**3 - 61*x**2 + 172*x + 7. Determine y(3).
1
Let l(m) = -34*m + 69. Determine l(5).
-101
Let i(m) = -6*m + 20. Give i(16).
-76
Let k(p) = 95*p - 460. Give k(7).
205
Let n(x) = 55*x - 163. What is n(0)?
-163
Let j(u) = -53*u - 258. Give j(-5).
7
Let j(o) = -o**3 - 10*o**2 - 13*o + 39. Calculate j(-9).
75
Let r(s) = -2*s**2 - 9*s + 222. Calculate r(-13).
1
Let c(b) = -b**2 + 38*b - 4. Calculate c(6).
188
Let j(q) = -9*q - 291. Give j(18).
-453
Let r(l) = -2*l**3 - l**2 + 28*l - 12. Determine r(3).
9
Let u(n) = 2*n**3 - 7*n**2 + 15*n - 19. What is u(4)?
57
Let b(i) = -22*i - 584. Give b(-23).
-78
Let w(h) = 7*h**3 - 8*h**2 + 89*h - 80. What is w(1)?
8
Let z(n) = -57*n + 6325. What is z(110)?
55
Let u(t) = 6*t**3 + 531*t**2 + 262*t - 177. Determine u(-88).
-1
Let l(p) = p - 27. What is l(-28)?
-55
Let q(t) = 154*t + 1231. Calculate q(-8).
-1
Let u(l) = -3871*l - 7746. Give u(-2).
-4
Let r(p) = -48*p + 113. Calculate r(4).
-79
Let y(k) = 6*k**3 + 66*k**2 + 7*k + 63. Give y(-11).
-14
Let a(m) = m**3 + 21*m**2 + 21*m - 34. Calculate a(-19).
289
Let n(c) = 53*c**2 + 315*c - 19. Give n(-6).
-1
Let w(n) = n**3 + 22*n**2 + 3*n - 81. Give w(-22).
-147
Let b(n) = -2*n**2 + 37*n + 184. Give b(22).
30
Let n(b) = 150*b + 2. What is n(0)?
2
Let r(u) = -2*u**3 + 33*u**2 + 27*u - 95. Calculate r(17).
75
Let d(p) = 2*p**2 - 1522*p + 13536. What is d(9)?
0
Let a(v) = -4378*v - 183888. What is a(-42)?
-12
Let f(m) = 31*m - 2040. Give f(51).
-459
Let x(q) = -20*q + 6. Calculate x(-9).
186
Let q(x) = x**2 + 161*x + 5350. Give q(-114).
-8
Let d(v) = 2*v**2 - 141*v + 43. Calculate d(61).
-1116
Let p(m) = -3*m + 338. Determine p(104).
26
Let f(w) = -w**2 - 145*w - 3456. What is f(-120)?
-456
Let u(z) = 122*z + 8625. Determine u(-71).
-37
Let a(v) = 2*v**2 + 712*v + 710. Give a(-1).
0
Let a(m) = m**3 - 2*m**2 - 131*m + 56. Give a(12).
-76
Let h(q) = -120*q**3 - q**2 + 137*q - 270. Give h(2).
-960
Let o(z) = 4*z**3 - 95*z**2 - 29*z + 82. Calculate o(24).
-38
Let i(t) = 3*t**2 - 142*t - 8185. What is i(81)?
-4
Let y(w) = -16*w + 149. Calculate y(32).
-363
Let h(r) = -68*r**3 - 2*r**2 - 2*r - 1. Give h(-1).
67
Let p(f) = -280*f + 7906. What is p(29)?
-214
Let c(u) = -9*u**2 - 220*u + 617. Calculate c(-27).
-4
Let q(b) = -455*b - 120117. What is q(-264)?
3
Let n(j) = -23*j - 2162. Calculate n(-91).
-69
Let o(k) = 2*k - 59. Determine o(26).
-7
Let p(j) = -42*j + 1837. Calculate p(44).
-11
Let c(r) = -62*r + 46. Calculate c(4).
-202
Let k(l) = 7*l**2 + 1820*l + 8. Calculate k(-260).
8
Let m(x) = 6*x**2 + 113*x - 20. Determine m(-17).
-207
Let a(b) = -5*b**2 + 91*b - 79. Determine a(16).
97
Let d(x) = -58*x + 745. Calculate d(13).
-9
Let m(t) = -t**3 + 117*t**2 + 604*t - 57343. Calculate m(118).
5
Let s(j) = j**3 - 47*j**2 + 209*j + 62. Determine s(42).
20
Let f(r) = 4*r + 111. Give f(-15).
51
Let t(f) = 5*f**2 - 22*f - 47. Give t(-3).
64
Let f(o) = 34*o - 6883. Determine f(201).
-49
Let r(m) = m**3 - 25*m**2 - 6*m + 147. Give r(25).
-3
Let h(j) = -j**2 + 2921*j + 29323. Give h(-10).
13
Let m(p) = p**3 - 9*p**2 - 18*p - 95. Calculate m(11).
-51
Let p(u) = u**2 - 2340*u - 18806. Give p(-8).
-22
Let p(n) = -n**3 + 30*n**2 + 10*n + 94. Determine p(30).
394
Let q(i) = 2843*i + 11396. Give q(-4).
24
Let p(z) = -7*z + 1951. Determine p(280).
-9
Let c(l) = -l**2 + 69. Calculate c(-10).
-31
Let u(r) = -8*r + 22. What is u(-4)?
54
Let u(y) = -443*y + 15498. Calculate u(35).
-7
Let z(h) = -h**3 + h**2 - 27*h + 5. Give z(0).
5
Let q(t) = 3*t**2 - 15*t + 31. What is q(2)?
13
Let h(p) = -350*p - 1961. Determine h(-6).
139
Let t(d) = -3*d**2 - 168*d + 135. Give t(-56).
135
Let n(j) = -j**2 + 33*j + 112. Determine n(35).
42
Let z(p) = -p**2 - 688*p + 2766. Determine z(4).
-2
Let d(v) = -6*v**3 + 12*v**2 + 12*v - 7. Calculate d(3).
-25
Let r(x) = -x**3 + 25*x**2 + 30*x + 99. Calculate r(26).
203
Let l(q) = -q**2 - 629*q + 7700. Give l(12).
8
Let f(g) = -21*g - 2963. Calculate f(-142).
19
Let p(g) = 2*g**3 - 157*g**2 - 259*g + 1507. Determine p(80).
-13
Let h(r) = -r**3 - 61*r**2 - 161*r - 2530. Determine h(-59).
7
Let i(x) = -77*x**3 - 3*x**2 - 3*x + 1. Give i(-1).
78
Let t(n) = 5*n**2 - 2*n + 71. Calculate t(11).
654
Let y(b) = 5*b**2 + 26*b - 219. Calculate y(8).
309
Let l(v) = 98*v - 301. What is l(3)?
-7
Let l(z) = z**3 + 5*z**2 - 61*z - 306. What is l(-8)?
-10
Let v(c) = -11*c**3 - 43*c**2 + 2*c - 4. Determine v(-4).
4
Let o(b) = 179*b + 31325. Determine o(-175).
0
Let b(z) = -69*z + 268. What is b(7)?
-215
Let b(h) = -32*h + 220. Calculate b(7).
-4
Let m(t) = 40*t + 556. Determine m(-23).
-364
Let k(i) = 6*i**2 + 233*i - 27. What is k(-39)?
12
Let w(l) = 2*l**2 - 308*l - 9333. Calculate w(180).
27
Let v(t) = 3*t**3 + 21*t**2 - 41*t + 105. Calculate v(-9).
-12
Let s(y) = 3*y - 148. What is s(41)?
-25
Let a(y) = -y**2 + 151*y + 2132. What is a(-13)?
0
Let l(a) = -a**2 - 33*a + 13. Give l(-34).
-21
Let b(s) = -189*s + 1736. Give b(9).
35
Let s(d) = d**3 + 6*d**2 + 7*d + 16. What is s(-4)?
20
Let m(o) = -o**3 + 119*o**2 + 3943*o + 17. Determine m(-27).
-10
Let x(k) = 69*k + 359. Determine x(-4).
83
Let d(x) = 35*x + 163. Calculate d(-16).
-397
Let q(w) = -2*w**2 + 62*w + 471. Determine q(-7).
-61
Let n(w) = -w**2 - 269*w - 15232. Determine n(-188).
-4
Let n(m) = -m**3 - 10*m**2 - 29*m - 255. Give n(-8).
-151
Let f(o) = -o**2 - 2704*o - 96036. Calculate f(-36).
12
Let r(f) = -110*f - 1188. Determine r(-11).
22
Let g(v) = -2*v**3 - 27*v**2 - 13*v + 9. Determine g(-13).
9
Let u(y)